*o + 1444, -5*z = 3*o - 4*o - 2414. List the prime factors of z.
3, 7, 23
Let t(a) = -10*a - 1. Let q(f) = -11*f - 1. Let w(v) = -2*q(v) + 3*t(v). What are the prime factors of w(-3)?
23
Let j(o) = -2*o**2 - 8*o + 13. Let p(n) = n**2 + 5*n - 9. Let d(f) = -5*j(f) - 8*p(f). Let g be 0 - (3 - (-1 - 1)). What are the prime factors of d(g)?
3, 19
Suppose 74*c - 23676 = 230588. List the prime factors of c.
2, 859
Let l be (-6 - -3) + 1 + 6. Suppose -31 = -3*m - l. Suppose 0 = 2*f - 3*c - m, 0*c - 9 = -3*c. List the prime factors of f.
3
Let c be 426/(-10) + (-42)/(-70). What are the prime factors of (-5054)/c + (-4)/(-6)?
11
Let i(y) = 4*y + 18. Let p be i(-4). Suppose -w + p*w - h = 115, -5*h + 433 = 4*w. What are the prime factors of w?
2, 7
Let y be 4/(-3)*15/(-10). Suppose 4 + 2 = y*p. Suppose 0*x - 21 = -p*x. List the prime factors of x.
7
Let u(i) = 192*i**2 + 7*i - 26. What are the prime factors of u(3)?
1723
Suppose 0 = 12*a - 18*a + 6846. What are the prime factors of a?
7, 163
Let p be 76/20 + 1/5. Suppose 86 = 4*s + 14. What are the prime factors of (p/8)/(1/s)?
3
Let d be 13 - (6 + (-4 - -1)). Suppose -d = -3*y + 2. Suppose -y*a + 4*b = -20, -2*a - 3*a = 3*b - 1. List the prime factors of a.
2
Let f(g) = -g**3 + 5*g**2 - 2*g - 5. Let d be f(4). Let t be 1 + 188 + -5 + d. Suppose 22 = -5*s + t. What are the prime factors of s?
3, 11
Let b(h) = 24*h**2 - 4*h - 6. Let u be (-1 + 0 + -1)*(2 - 1). What are the prime factors of b(u)?
2, 7
Suppose -2*q + 72 = -q. Let l = 140 - q. What are the prime factors of l?
2, 17
Let q = 4614 + -2711. List the prime factors of q.
11, 173
Suppose 5*o = 56*v - 52*v + 18275, 5*o - v - 18275 = 0. List the prime factors of o.
5, 17, 43
Let o(z) = 4*z**2 - 33*z + 4. Let h be o(10). What are the prime factors of -8*h/(-4) + 3?
151
Let u(m) = -m**3 + 5*m**2 - 4*m. Let x be u(4). Suppose 2*j = -x*j. Suppose -4*w = -j*w - 20. What are the prime factors of w?
5
Let a(s) = -s + 9. Let j be a(7). Suppose j*x = -x, x + 16 = u. List the prime factors of u - (-2)/(-4)*6.
13
Suppose 3*p - 4*q = 7951, 74*p - 5*q + 2682 = 75*p. What are the prime factors of p?
2657
List the prime factors of 10628/(-6)*(13 + 203/(-14)).
2657
What are the prime factors of 6 + -3 + 667 - 0?
2, 5, 67
Let b(c) = -c**3 + 11*c**2 - 9*c - 1. Let m be b(10). Let l(a) = m*a**3 + 13*a - 6*a**3 + 9*a**2 - 4*a**3 + 9. What are the prime factors of l(10)?
3, 13
Suppose 0 = -3*g - 3*g + 492. Suppose 0*x - 2*x + 112 = 2*f, 4*f = 2*x - g. What are the prime factors of x?
3, 17
Let l be 0/(5 + 6/(-2)). Suppose 258 = -l*h + 3*h. Suppose 0 = 5*b - 3*b - h. List the prime factors of b.
43
Suppose -69 = 5*f - 224. Let o = f + -18. List the prime factors of o.
13
Let y(p) be the third derivative of 11*p**4/24 - 13*p**3/2 - 2*p**2 - 10. List the prime factors of y(10).
71
Let f(t) = t**3 - 7*t**2 - 7*t - 11. Let a be f(6). Let s = a + 183. Suppose -3*b = 4*o - s, 0 = -b - 5*o + o + 26. What are the prime factors of b?
2, 17
Let k(q) = -q**3 - 6*q**2 - q + 51. List the prime factors of k(-8).
11, 17
Suppose 3*v - v - 5*z = 371, 0 = -4*v - 3*z + 755. Suppose 11*h - 1452 = -0*h. Let b = v - h. List the prime factors of b.
2, 7
Let m(v) = -2*v**2 - 39*v + 43. Let h be m(-20). Let r = -6 + 12. Suppose -u + h = r. List the prime factors of u.
17
Suppose -5*v + 402 = -123. Suppose 4*i - v = -1. What are the prime factors of i?
2, 13
Suppose 16 = p + 4*p + 2*w, -2*w - 4 = 0. Suppose 12 = 4*j - p. Let b = 7 - j. List the prime factors of b.
3
Suppose 1052 = 4*g + 5*j - 0*j, -2*g + 532 = j. What are the prime factors of g?
2, 67
Suppose 0 = -3*r + 12 + 3. Suppose 5*t + n = 513, r*n + 39 - 441 = -4*t. What are the prime factors of t?
103
Let f(d) = 26*d + 1. Let q be f(1). Suppose 2*z - s + 54 = 0, q + 19 = -2*z + 3*s. List the prime factors of z*2/4*-4.
2, 29
Let h = 23 - -317. List the prime factors of h.
2, 5, 17
Let w be (2/(-4))/(8/(-32)). Let l(g) = g**2 - g**2 - 2 + w*g**2 - 5*g. List the prime factors of l(4).
2, 5
Suppose -4*z + 1064 = 4*h - 3*h, -2*h + 2148 = -2*z. What are the prime factors of h?
2, 67
Suppose -3*m = -9, -5*z + 6*z - 4*m = 983. List the prime factors of z.
5, 199
Let j(d) = 23*d**2 - 11*d - 23. Let p be j(-3). Let q = -77 + p. List the prime factors of q.
2, 5, 7
Let t(m) = -3*m**2 - 7*m + 4*m**2 + m**3 - 1 + 4*m**2. Let y be (-1*3*(-135)/(-81))/1. What are the prime factors of t(y)?
2, 17
Let z(c) = c**2 + 6*c - 6. Let m = 68 - 79. What are the prime factors of z(m)?
7
Suppose -2*j - 26 = -7*j - c, -j + 3*c + 2 = 0. Let p = j + 2. Let t = p + -3. List the prime factors of t.
2
Let n(z) = -89*z + 7. Let q = -62 - -61. List the prime factors of n(q).
2, 3
Let y be ((-20)/15)/((-2)/(-3)) + 383. Let w = y + -270. List the prime factors of w.
3, 37
Suppose -l - l + 618 = p, 0 = p - 2*l - 614. List the prime factors of p.
2, 7, 11
List the prime factors of -29 + 21 + 603/1.
5, 7, 17
Let f(p) be the second derivative of p**5/20 - p**4/4 - p**3/6 - 5*p**2/2 - p. Let j be f(4). Let d = 7 + j. List the prime factors of d.
2, 7
List the prime factors of (-5)/(-55) + 17322/33.
3, 5, 7
Suppose 0 = u - g - 2, -u - 3 = -4*g - 8. Suppose -5*k + 3*d + 19 = 0, -2*k + 0*d = 3*d + 5. What are the prime factors of ((-58)/(-4))/(u/k)?
29
Let c be 264/(-68) + 4/(-34). List the prime factors of c*2*(-86)/8.
2, 43
What are the prime factors of 17*((-2)/(-10) - 84/(-5))?
17
Let y = 173 + -427. Let z = -155 - y. What are the prime factors of z?
3, 11
Let v(z) be the second derivative of 2*z**2 - 5*z + 1/3*z**4 - 1/20*z**5 - 1/3*z**3 + 0. What are the prime factors of v(3)?
7
Suppose 0*x = -5*x + 20. Let y(a) = a**2 + a - 32. Let q be y(-8). Suppose 0*g + 2*h + q = g, -x*g + 101 = -3*h. List the prime factors of g.
2, 13
Let z(w) = 2*w**2 - 8*w - 5. Let k be z(5). Let h be 5/(-15) - 8/(-6). Let o = h + k. List the prime factors of o.
2, 3
Suppose 8*p + 206 = 4326. List the prime factors of p.
5, 103
Let n(l) = 10*l + 533. List the prime factors of n(38).
11, 83
Suppose -7*m - 8*m + 465 = 0. List the prime factors of m.
31
Suppose -41 = -6*t + 13. Suppose 0 = 3*y - 2*o - t, 5*o = 3*y - 0*o. Suppose 29 = q + y*a, -4*a + 76 + 11 = 3*q. List the prime factors of q.
29
Suppose 0 = -3*w - 438 + 96. What are the prime factors of 22*w/12*-1?
11, 19
Let w(p) = p**3 - 7*p**2 - 4*p + 25. Let j be w(8). What are the prime factors of (j/5 + 0)/((-11)/(-165))?
3, 19
Suppose y = g - 3 + 1, 2*g = -y + 4. List the prime factors of (-3 - (g - 7)) + 98.
2, 5
List the prime factors of (-8 + 522)/(2/2).
2, 257
Let l(f) be the second derivative of -f**5/20 - 3*f**4/2 + 10*f**3/3 + 12*f**2 + 3*f. Let a be l(-19). Suppose -a*k + k = -88. List the prime factors of k.
2, 11
Let f(p) = p**2 + 15*p - 15. What are the prime factors of f(13)?
349
Let n(k) be the first derivative of k**3/3 + 2*k**2 + 13*k + 33. List the prime factors of n(-5).
2, 3
Suppose r + 1078 = 3*u - 3*r, -2*u - 5*r + 757 = 0. Suppose -i + u = 2*i. What are the prime factors of i?
2, 61
Suppose 3*b = 3*l - 8*l + 1404, 3*l - 3*b = 852. Let q be 14/35 - l/5. Let f = q - -104. List the prime factors of f.
2, 3
Suppose 3697 + 1277 = 6*q. List the prime factors of q.
829
Let s = 2078 + -949. What are the prime factors of s?
1129
Let f = 32 - 18. Let w = -10 + f. List the prime factors of 20/6 - w/(-6).
2
Let r(u) = 57*u**2 + 27*u - 162. What are the prime factors of r(8)?
2, 3, 617
Let w be (5 - 2)*(-2)/(-3). Suppose 0 = -w*m - 5*d - 5 + 1, -4*d - 8 = 0. Suppose m*s = 54 + 138. List the prime factors of s.
2
Let b(x) = x**2 - 7*x + 16. Let l be b(5). What are the prime factors of (-2 - l/(-4)) + 213/2?
2, 53
Suppose 0 = 10*v - 28174 - 27526. List the prime factors of v.
2, 5, 557
Suppose 5*f - 16 = -1. Let q = f - -1. Suppose 2*t - 46 = -0*t - 4*k, -4*k - 140 = -q*t. What are the prime factors of t?
31
Let z(b) = 617*b**2 + 13*b + 14. List the prime factors of z(-1).
2, 3, 103
Let k = -229 - -332. Suppose 2*o = -3*w + 162, -2*w + 0*o - 3*o + k = 0. List the prime factors of w.
2, 7
Suppose 0 = -19*i + 14479 - 4067. List the prime factors of i.
2, 137
Let k(f) = f**2 + 14*f + 581. What are the prime factors of k(0)?
7, 83
Suppose -28308 + 11466 = -6*q. List the prime factors of q.
7, 401
List the prime factors of 2 + 6687/7 + (-78)/